 digit of 16 + 3 + g/(-3)?
5
Suppose q = -3*n + 14, 3*q - n - 1 = 1. Suppose 20 = o - 2*j, 9*o - 4*o = q*j + 68. What is the tens digit of o?
1
Let r be (0 + 0)/(-7 + 6). Let v = -17 + 30. Let a = v + r. What is the tens digit of a?
1
Let s(x) = 2*x - 10. Let d(q) = -q**2 - 9*q + 3. Let m be d(-10). Let i = m + 14. What is the units digit of s(i)?
4
Suppose -25 = -2*v - 5*f, 0*v + 3*f = -v + 10. What is the units digit of v?
5
Suppose 3*p = 2*p. Suppose 3*d + 6 + p = 0, 4*d - 74 = -2*o. What is the tens digit of o?
4
Suppose -5*q + 50 = 3*x, q - 20 = 5*q. What is the units digit of x?
5
Let t(b) = -b + 2. Suppose -a = 3 + 3. Let w be t(a). Suppose -3*c + w + 4 = 0. What is the units digit of c?
4
Let d = 110 + -73. What is the tens digit of d?
3
Let v(r) = 5*r - 1. Suppose -2*y - 2*y + 12 = 0. What is the tens digit of v(y)?
1
Let x(t) = -t**3 - 6*t**2 - 9. What is the tens digit of x(-7)?
4
Suppose 0 = -2*w + 3*a + 4, 5*w + 2*a + 6 + 3 = 0. Let f(o) = -12*o**3 - 1. Let b be f(w). Let z = b - 6. What is the units digit of z?
5
Suppose 20 = -3*u - u. Let s = u + 19. What is the units digit of s?
4
Let w(n) be the first derivative of -n**3/3 + 6*n**2 - 14*n + 2. Let v be w(11). Let b(o) = o**3 + 5*o**2 + 2*o - 1. What is the tens digit of b(v)?
1
Let v = 16 + -15. Let o = v + 15. What is the units digit of o?
6
Let t(y) = -y + 17. Let u = 4 - -3. What is the units digit of t(u)?
0
Let k(p) = p**3 + 10*p**2 + 9*p. Let u be k(-9). Suppose -4*q + 12 = -u. What is the units digit of q?
3
Suppose 22 = -5*d + 37. What is the units digit of d?
3
Let p(g) be the first derivative of -g**5/60 - g**4/24 + g**3 + g**2/2 + 1. Let u(t) be the second derivative of p(t). What is the units digit of u(0)?
6
Let b be -2 - (1 + -12 - 1). Suppose -2*a = -a + u - b, 2*a + 3*u - 22 = 0. What is the units digit of a?
8
Let f(a) be the third derivative of -a**5/60 + 11*a**4/24 - 4*a**3/3 + a**2. Suppose 2*v - 10 = v. What is the units digit of f(v)?
2
Suppose -3*h = 3*a - 30, a = -4*h + 13 + 9. Suppose -a = -5*v + 54. Let q = v - 6. What is the units digit of q?
6
Let r be 24 + (4/2 - 1). Let f = r + -12. What is the units digit of f?
3
Suppose -38 = -5*f + 87. Let d be 95/f + 1/5. Suppose -3*j = -d*j + 7. What is the units digit of j?
7
Let n be (4/(-6))/((-1)/6). Suppose 0*c - n*c - 44 = 0. Let j = -7 - c. What is the units digit of j?
4
Let d(x) be the third derivative of -3*x**6/40 + x**5/30 - x**3/6 + 2*x**2. What is the units digit of d(-1)?
0
Suppose 0 = -4*a + 2*a + 96. What is the units digit of a?
8
Let w(u) = 0 + 3*u - u**2 + 2 - 3. Let a be w(3). What is the units digit of 13/(-2)*2/a?
3
Let x(h) = -h + 23. What is the tens digit of x(10)?
1
Suppose 0 = -4*s - 449 - 103. What is the tens digit of (s/12)/((-2)/4)?
2
Let z(k) = k**3 + 14*k**2 - 11*k - 13. What is the units digit of z(-14)?
1
Let i(v) = -4*v. Let k be i(-1). Suppose k*c = 1 + 7. What is the units digit of c?
2
Let p = 18 - 12. What is the units digit of (8/p)/(4/36)?
2
Let o(c) = -c**3 + 4*c**2 + 5*c + 1. Let k be o(5). Suppose 4*p + 1 + k = 2*q, -3*p = 4*q - 4. What is the units digit of q?
1
Suppose 0*f + 4 = 2*f + 5*m, -f + 3*m - 9 = 0. Let p be f + (-9)/(-3) - -14. What is the units digit of 2/(-3) + p/3?
4
Suppose -3 = 2*w + 3. Let c(g) = -g**3 - 2*g**2 + 2. What is the tens digit of c(w)?
1
Let f(z) = 5*z**2 - z**3 + 10*z + 3*z**2 + z**2 - 3*z**2. What is the units digit of f(7)?
1
Let y(x) = 2*x**3 - 4*x**2 - 2*x + 1. What is the units digit of y(4)?
7
Let i be (2 - 4 - 1) + -2. Let w(k) = -5*k + 12. What is the units digit of w(i)?
7
Let r(o) = 2*o - 14. Suppose -i + 4 = -6. Let j be r(i). Let k = 7 - j. What is the units digit of k?
1
Suppose -w + 3 = -18. What is the tens digit of w?
2
Let v(i) = i**2 - 10*i + 3. Let k be v(9). Let o(b) = b + 11. Let n be o(k). Suppose -n*u + 8 = -32. What is the units digit of u?
8
Suppose 4*z = -16, 5*z + 219 = 3*m + 13. What is the tens digit of m?
6
Suppose 0 = 11*u - 20*u + 171. What is the units digit of u?
9
What is the tens digit of -9*(0 + -1)*4?
3
Let s be ((-33)/3)/(2 - 1). Let z = -9 - s. What is the units digit of z?
2
Let v be (6 + -1)/(0 + 1). Let u = 0 + v. Suppose u*h + 8 = 53. What is the units digit of h?
9
What is the units digit of 62 - 4*2/4?
0
Suppose -y + 2*u + 4 = 0, y - 4*y + 16 = -4*u. Let z = y + 5. What is the tens digit of z?
1
Let y(b) be the second derivative of b**3 - 7*b**2/2 + 7*b. What is the units digit of y(4)?
7
Let y = 26 + -11. Suppose -4*m = -m - y. Suppose m*r = 4*w - 92, 0*w + 4*r - 74 = -5*w. What is the units digit of w?
8
Let a(r) = r**2 + 10*r. What is the tens digit of a(3)?
3
Suppose 3*b = b + 6. Suppose -2*t + 24 = 4*l, 2*t + l = -2*l + 20. Suppose 4*c - b*f = 53, 3*c - 45 = -0*c + t*f. What is the tens digit of c?
1
Let l(f) = f**2 - f + 1. Let m be l(0). Let y(q) be the first derivative of q**4/2 - q**3/3 - q**2/2 + q + 8. What is the units digit of y(m)?
1
Suppose -5*x - 919 = -3*m, 2*x + 1244 = -2*m + 6*m. What is the hundreds digit of m?
3
Suppose 0*r + 12 = 4*r. Suppose -2*j + 11 = r. What is the units digit of j?
4
Let f(i) = 2*i**2 + 2*i - 1. Let z be f(-2). Let o(w) = -w - z + 4*w + 2 - 2*w. What is the units digit of o(2)?
1
Suppose 5*o - 20 = 0, z - 3*o - o - 111 = 0. What is the units digit of z?
7
Suppose 0 = -x - 5*m - 2, -x - m = -3*m - 12. Let p(k) = 0*k**2 - 7 - k**2 - 2*k - x*k. What is the tens digit of p(-6)?
1
Suppose 3*u = 3*o - 168, -3 - 2 = 5*u. Suppose o = -0*l + 5*l. What is the units digit of (4 - 2 - l)/(-1)?
9
Suppose 3 + 12 = n. Suppose 5*v - 40 + n = 0. What is the units digit of v?
5
Let o(z) = -2*z**3 + 11*z + 13. Let x(q) = q**3 - 5*q - 7. Let i(a) = -6*o(a) - 13*x(a). Let s be i(0). Suppose 0 = 4*f - 11 - s. What is the units digit of f?
6
Suppose 2 - 4 = a + 4*g, 5*a = 5*g + 15. Suppose -a*t + 17 = -t. What is the units digit of t?
7
Let h = -417 + 741. What is the units digit of h?
4
Suppose -2*a - 8 = 2*v, 18 = -v + 4*v - 3*a. Let m = -4 - 0. What is the tens digit of (-42)/m + v/2?
1
Suppose -d = 5*i - 28, -4*d + 3*i = 2*i - 91. What is the tens digit of d?
2
Let t(o) = -o**2 + 1. Let v(a) = a**3 + 2*a**2 - a + 18. Let m(u) = 2*t(u) + v(u). Let c be m(0). Let j = 28 - c. What is the units digit of j?
8
Suppose -i - 6*y = -5*y - 157, -i = -4*y - 177. What is the units digit of i?
1
Let q = -262 + 478. What is the units digit of q?
6
Suppose 0 = -2*x + 2. Let k be 15/(-6)*(-3 + x). Suppose 0 = b - 0 - k. What is the units digit of b?
5
Let n = 7 - 5. Suppose -5*o - 8 + 3 = 0, 2*k - 17 = o. Let h = n + k. What is the tens digit of h?
1
Suppose -2*z = -3*z - o + 7, 3*z = -2*o + 23. Let t be z/(-6)*(-16)/6. Suppose -2*u + 5*h + 28 = 0, t = -4*u - 5*h - 0. What is the units digit of u?
4
Let v be (88/20)/(1/5). Let m be v/8 + 5/20. Suppose -67 = -m*h - 28. What is the tens digit of h?
1
Suppose 0 = -2*l + 5*a - 1, 15 = 5*l + 5*a. Let r be -17*(2/(-2) + l). Let u = r + 26. What is the units digit of u?
9
Let f = 4 - -23. What is the tens digit of f?
2
Let n(o) = -o**3 - o**2. Let h be n(0). Suppose -4*j + h*j - 4*l = -84, 0 = -4*j - 3*l + 89. What is the tens digit of j?
2
Suppose 0 = -3*k + k + 58. Let u = k + -19. What is the tens digit of u?
1
Let y = -9 + 25. Suppose 5*i - 3*i - 2 = 3*l, -3*i + 2 = -5*l. Suppose i*m - 16 - y = 0. What is the units digit of m?
8
Suppose 2*m - 14 = 4*c + c, -25 = 4*c + 3*m. What is the tens digit of c/(-8) - 183/(-6)?
3
Let o be 1*5/((-10)/(-6)). Suppose 2*a = 5 + o. What is the units digit of a?
4
Suppose 4*c - c = 0. What is the tens digit of 8*(10/8 + c)?
1
Suppose 4*z - 21 - 19 = 0. Let c be 118/10 + 2/z. What is the units digit of (-1 + -1)*(-18)/c?
3
Let l(d) = d + 1. Let w(q) = 8*q - 5. Let x(h) = -6*l(h) - w(h). Let m = -117 + 116. What is the units digit of x(m)?
3
Let p(i) = i. Let a(f) = -5*f + 3. Let j(q) = a(q) + 6*p(q). Let w be j(-7). Let x(k) = -k - 2. What is the units digit of x(w)?
2
What is the tens digit of (-63)/6*(8/12 + -2)?
1
Let k = 15 - 7. Let d = k - 6. Suppose -a - 19 = d*a - 5*o, 3*a + o = 11. What is the units digit of a?
2
Let m(j) = 4*j + 19. What is the tens digit of m(10)?
5
Let i be (3/1 - 0)*1. Suppose 2*y - 46 = -2*u, 2*y - i*u - 42 = -4*u. What is the units digit of y?
9
Suppose 0 = -2*p - 0